uppose -4 = -2*m - 0*m. Suppose 2*x - 88 = -m*k, 2*k + 58 = 4*k - 4*x. Calculate the remainder when k is divided by 14.
11
Suppose p = 3*p + 184. What is the remainder when 57 is divided by p/(-6) + 1/(-3)?
12
Suppose 4*o - 5*c - 417 = 0, 16 = -3*c + 1. Calculate the remainder when o is divided by 20.
18
Let w = -53 - -61. Suppose 0*o - 3*o - n = -68, 42 = 2*o + 4*n. What is the remainder when o is divided by w?
7
Suppose 0 = -5*z + 4 + 11. Suppose -z*m + 52 = -m. Calculate the remainder when m is divided by 7.
5
What is the remainder when 237 is divided by -1 + 80/2 + (8 - 7)?
37
Suppose -2*l + 45 = 5*c - 7*l, -c + 3*l = 1. Calculate the remainder when c is divided by 5.
4
What is the remainder when 12 is divided by ((-3)/9)/(2*1/(-30))?
2
Let x(z) = -2*z + 26. What is the remainder when 30 is divided by x(3)?
10
Suppose 45 = -3*p - 9. Let g = p - -35. What is the remainder when g is divided by 6?
5
Let f = 10 + -6. Calculate the remainder when 19 is divided by f*3/12*7.
5
Let p be 21/14*4/3. Suppose p*v - 14 - 44 = 0. Calculate the remainder when v is divided by 10.
9
Let v be 6/(-4)*(-12)/9. Suppose 7 = -v*z + 17. Suppose -3 = l + 2*f - 0, 12 = -4*f. Calculate the remainder when z is divided by l.
2
Suppose 0 = q - 3*q + 66. Let n = -7 - -16. Suppose -10 + 36 = 2*p + 2*v, n = p + 2*v. What is the remainder when q is divided by p?
16
Suppose 3*y = -15, 0*y + 35 = -5*m - 3*y. Let v be (-4 + 2)*m + -2. Suppose -3*r = 5*t - 11, t + v - 3 = 2*r. What is the remainder when 1 is divided by t?
0
Suppose -k + 65 = 4*k. What is the remainder when 89 is divided by k?
11
Suppose s + 0*s - 13 = 0. Suppose -u - 28 = -2*h, 2*h + u = -2*u + 44. Suppose -2*q - h = -4*q. Calculate the remainder when s is divided by q.
5
Suppose 0*d = 3*s - 2*d - 4, -2*s - 2*d = 4. Suppose -4*c - c + 110 = s. Calculate the remainder when c is divided by 99/12 + 5/(-20).
6
Let m(u) = u**2 - 9. Let i(s) = -8*s - 1. Let a be i(-1). Let o(j) = -2*j**3 + j**2 + 1. What is the remainder when m(a) is divided by o(-2)?
19
Suppose -2*p = -p - 22. Calculate the remainder when p is divided by 13.
9
Suppose 2*g + 10 = 0, -5*q - 3*g + 131 = -229. Calculate the remainder when q is divided by 19.
18
Let m(i) = -i**2 - 13*i - 14. Calculate the remainder when m(-10) is divided by 5.
1
Let r(w) = -12*w - 3. What is the remainder when 98 is divided by r(-3)?
32
Let p(a) = 5*a**2 + 13*a + 1. What is the remainder when 22 is divided by p(-3)?
1
Suppose 6*d - 2*d - 1 = 5*r, 4*d = -3*r + 25. Let t(a) = a**2 - a - 2. Let c be t(-2). Suppose -c*i - r = -5*i. What is the remainder when 5 is divided by i?
2
Suppose 2*w - 162 = -5*b, -2*b = -5*w - 0*b + 347. Calculate the remainder when w is divided by 18.
17
Calculate the remainder when 21 is divided by 5 + (3 - (1 - 1)).
5
Suppose 5*u + 64 = 4*f, -19 = -f + 2*u - 0*u. What is the remainder when f is divided by 7?
4
Let c(m) = m + 179. Let x be c(0). Let s = x + -273. What is the remainder when ((-1)/(-1))/((-2)/s) is divided by 16?
15
Let b(f) = -f**2 - 8*f + 8. What is the remainder when 21 is divided by b(-8)?
5
Suppose u = -3*u + 4*p + 356, 0 = -3*u - p + 287. Suppose 2*d + 34 - u = 0. What is the remainder when 87 is divided by d?
27
Suppose 3*b - 91 - 47 = 2*f, -5*f = 15. What is the remainder when b is divided by 25?
19
Suppose 4*a - 22 = 2*a. Calculate the remainder when 32 is divided by a.
10
Let o be (-2)/7 + (-27)/(-21). Let n(i) = 24*i**3 - 2*i**2 + 1. What is the remainder when n(o) is divided by 13?
10
Suppose -y + 5*y - 64 = 0. Calculate the remainder when y is divided by 9.
7
Let c be (-3 + 3)/(2*1). Suppose -5*f + 50 + 0 = c. What is the remainder when 39 is divided by f?
9
Let t = 40 + -17. Calculate the remainder when t is divided by 8.
7
Suppose -2*l + 3*l + 2*y - 16 = 0, 3*l - 5*y = 92. Calculate the remainder when 45 is divided by l.
21
Suppose -l + 0*l = -33. Calculate the remainder when l is divided by ((-2)/2 - -2)*18.
15
Suppose 0 = -24*b + 29*b - 85. Calculate the remainder when b is divided by 15.
2
Suppose -3*i + 0*i = -2*j - 36, -10 = -5*i. Let r(x) = x**3 + 14*x**2 - 17*x - 7. Calculate the remainder when 68 is divided by r(j).
22
Suppose 2*x + 0*c + 7 = c, -17 = 3*x + 5*c. Let h(b) be the third derivative of -b**4/12 - b**3/2 + b**2. Calculate the remainder when 13 is divided by h(x).
3
Suppose -2*f + c = -1, 0 = f - 3*c + 7 + 5. What is the remainder when 11 is divided by f?
2
Suppose -2*w - j - 2*j = 4, 4*w = -3*j - 2. Let f = w + 16. What is the remainder when f is divided by 6?
5
Let c = 2 + 2. What is the remainder when 5 is divided by c?
1
Calculate the remainder when 80 + 0 - (1 + 0) is divided by 20.
19
Let h be ((-1)/(-2))/(2/12). Suppose -85 = -4*n - h*o, 3*n + o - 43 = 27. Calculate the remainder when n is divided by 83/9 - (-10)/(-45).
7
Let z(s) = -6*s + 7. What is the remainder when 73 is divided by z(-2)?
16
Let r(d) = -10*d. Suppose 3*u + 156 = -5*o - 40, 106 = -3*o + 4*u. Let t = o - -56. Calculate the remainder when r(-7) is divided by t.
16
Suppose 94 = -0*o + 2*o - 2*d, 5*o + 4*d = 244. Suppose 3*x = r + o, 3*x - r = 2*r + 42. What is the remainder when x is divided by 4?
1
Suppose 0 = -3*t + 16 + 23. Let n(f) = 39*f**2 + 2*f + 1. Let w(d) = d**3 - 5*d**2 - 1. Let x be w(5). What is the remainder when n(x) is divided by t?
12
What is the remainder when 12/42 + 360/14 is divided by 14?
12
Suppose 4*z - m = 3*m + 36, 0 = z - 2*m - 9. Let i = z + -2. What is the remainder when 11 is divided by i?
4
Let j be -1 + 3 + (-2)/2. Suppose 0 = x - 0*x - j. Calculate the remainder when (-3)/((-3)/x) - -39 is divided by 14.
12
Let s = -50 + 113. Calculate the remainder when s is divided by 13.
11
Suppose 5*j = 21 + 79. Suppose -6*w + j = -w. What is the remainder when 16 is divided by (3*(2 - w))/(-1)?
4
Let v(a) = 3*a**3 - 3*a**3 + 3*a**3 + 4 - 2*a**3 - 15*a**2 + 14*a. Calculate the remainder when 7 is divided by v(14).
3
Suppose 0 = 4*i + 3*c + 111 - 439, -3*c = 0. Calculate the remainder when i is divided by 21.
19
Let s(y) = -y**2 - 2*y + 10. Calculate the remainder when 5 is divided by s(-4).
1
Suppose 5*n - 5 = 5. Calculate the remainder when 17 is divided by ((-2)/4 - -3)*n.
2
Suppose 131 = 5*z - 54. Suppose -r + z - 8 = 0. What is the remainder when r is divided by 15?
14
Suppose 5*z + 4*y + 21 = 186, 0 = 5*z - 5*y - 120. Calculate the remainder when z is divided by 10.
9
Suppose -4*x - 30 = 2*l, 2*l = 5*x - 0 - 3. Let s = 10 + l. Let y(t) = t**3 - 3*t**2 + 4*t - 3. Calculate the remainder when s is divided by y(2).
0
Let n(z) = -9 - 6*z + 3 + 3. Calculate the remainder when n(-4) is divided by 11.
10
What is the remainder when 11 - 7 - (-1 + 0) is divided by 3?
2
Suppose 0 = -p - 5, -2*o - 3*o = 3*p - 45. Calculate the remainder when o is divided by 5.
2
Let m(f) = 18*f**2 - 2*f - 1. Let n be m(-1). Calculate the remainder when 55 is divided by 1 + n + (-4 - -3).
17
Suppose r + 4*r = 75. Let d(v) be the third derivative of 3*v**4/8 + 4*v**3/3 + 3*v**2. What is the remainder when d(4) is divided by r?
14
Suppose 2*s = -3*a + 21, -25 = -0*a + 5*a. Calculate the remainder when 70 is divided by s.
16
Let h = 14 + 6. Suppose -2*p + 54 + h = 0. Let d = 52 - p. What is the remainder when 43 is divided by d?
13
Suppose -4*f + 2*g - 12 = -72, g = -3*f + 50. Suppose -28*v + 31*v - 138 = 0. What is the remainder when v is divided by f?
14
Let f = -42 - -52. What is the remainder when 39 is divided by f?
9
Let v(g) = 24*g + 2. Let l = -7 + 9. Let z(o) = 8*o + 1. Let a(s) = l*v(s) - 7*z(s). Calculate the remainder when a(-2) is divided by 4.
1
What is the remainder when 20 is divided by (-1)/(-2) + 5/2?
2
Suppose 0 = 2*a + 3*j + 30, -4*a = 3*j - 7*j + 20. Let m = a + 16. Calculate the remainder when m is divided by 4.
3
Let t = 18 + 7. Calculate the remainder when 72 is divided by t.
22
Let p(y) be the third derivative of y**5/30 - y**4/24 + y**3/3 - y**2. What is the remainder when (-1)/(1/(-14) - 0) is divided by p(2)?
6
Calculate the remainder when 1/(-4 - (-135)/33) is divided by 4.
3
Let u(o) = 2*o**3 - 2*o**2 - 3*o - 2. Let w be 2 + (-1 - (0 - 2)). What is the remainder when u(w) is divided by 2*((-11)/(-2) + 1)?
12
Suppose -2*w - 4*y = w - 7, -3 = -w - y. Let m(v) = 10*v + 8. Let f be m(6). Suppose -w*z + 